CRAN Package Check Results for Package isotree

Last updated on 2022-10-05 05:57:05 CEST.

Flavor Version Tinstall Tcheck Ttotal Status Flags
r-devel-linux-x86_64-debian-clang 0.5.17 172.33 61.94 234.27 OK
r-devel-linux-x86_64-debian-gcc 0.5.17 140.64 43.37 184.01 OK
r-devel-linux-x86_64-fedora-clang 0.5.17 319.85 OK
r-devel-linux-x86_64-fedora-gcc 0.5.17 324.07 OK
r-devel-windows-x86_64 0.5.17 109.00 112.00 221.00 OK
r-patched-linux-x86_64 0.5.17 145.51 58.23 203.74 OK
r-release-linux-x86_64 0.5.17 151.85 58.49 210.34 OK
r-release-macos-arm64 0.5.17 70.00 NOTE
r-release-macos-x86_64 0.5.17 95.00 NOTE
r-release-windows-x86_64 0.5.17 117.00 107.00 224.00 OK
r-oldrel-macos-arm64 0.5.17 70.00 NOTE
r-oldrel-macos-x86_64 0.5.17 125.00 NOTE
r-oldrel-windows-ix86+x86_64 0.5.17 311.00 112.00 423.00 NOTE

Check Details

Version: 0.5.17
Check: installed package size
Result: NOTE
     installed size is 13.9Mb
     sub-directories of 1Mb or more:
     doc 1.6Mb
     libs 12.1Mb
Flavors: r-release-macos-arm64, r-release-macos-x86_64, r-oldrel-macos-arm64, r-oldrel-macos-x86_64, r-oldrel-windows-ix86+x86_64