CRAN Package Check Results for Package janitor

Last updated on 2022-08-08 03:55:45 CEST.

Flavor Version Tinstall Tcheck Ttotal Status Flags
r-devel-linux-x86_64-debian-clang 2.1.0 7.93 98.62 106.55 NOTE
r-devel-linux-x86_64-debian-gcc 2.1.0 7.03 73.46 80.49 NOTE
r-devel-linux-x86_64-fedora-clang 2.1.0 134.74 NOTE
r-devel-linux-x86_64-fedora-gcc 2.1.0 132.97 NOTE
r-devel-windows-x86_64 2.1.0 36.00 126.00 162.00 NOTE
r-patched-linux-x86_64 2.1.0 7.64 91.86 99.50 NOTE
r-release-linux-x86_64 2.1.0 NOTE
r-release-macos-arm64 2.1.0 35.00 NOTE
r-release-macos-x86_64 2.1.0 78.00 NOTE
r-release-windows-x86_64 2.1.0 43.00 128.00 171.00 NOTE
r-oldrel-macos-arm64 2.1.0 52.00 NOTE
r-oldrel-macos-x86_64 2.1.0 74.00 NOTE
r-oldrel-windows-ix86+x86_64 2.1.0 19.00 115.00 134.00 WARN

Check Details

Version: 2.1.0
Check: LazyData
Result: NOTE
     'LazyData' is specified without a 'data' directory
Flavors: r-devel-linux-x86_64-debian-clang, r-devel-linux-x86_64-debian-gcc, r-devel-linux-x86_64-fedora-clang, r-devel-linux-x86_64-fedora-gcc, r-devel-windows-x86_64, r-patched-linux-x86_64, r-release-linux-x86_64, r-release-macos-arm64, r-release-macos-x86_64, r-release-windows-x86_64, r-oldrel-macos-arm64, r-oldrel-macos-x86_64, r-oldrel-windows-ix86+x86_64

Version: 2.1.0
Check: re-building of vignette outputs
Result: WARN
    Error(s) in re-building vignettes:
    --- re-building 'janitor.Rmd' using rmarkdown
    Error: processing vignette 'janitor.Rmd' failed with diagnostics:
    only `math_method = 'mathjax'` is supported with earlier version than Pandoc 2.0
    --- failed re-building 'janitor.Rmd'
    
    --- re-building 'tabyls.Rmd' using rmarkdown
    Error: processing vignette 'tabyls.Rmd' failed with diagnostics:
    only `math_method = 'mathjax'` is supported with earlier version than Pandoc 2.0
    --- failed re-building 'tabyls.Rmd'
    
    SUMMARY: processing the following files failed:
     'janitor.Rmd' 'tabyls.Rmd'
    
    Error: Vignette re-building failed.
    Execution halted
Flavor: r-oldrel-windows-ix86+x86_64