CRAN Package Check Results for Package kdtools

Last updated on 2022-08-18 04:56:28 CEST.

Flavor Version Tinstall Tcheck Ttotal Status Flags
r-devel-linux-x86_64-debian-clang 0.6.0 142.63 164.28 306.91 OK
r-devel-linux-x86_64-debian-gcc 0.6.0 111.79 148.10 259.89 WARN
r-devel-linux-x86_64-fedora-clang 0.6.0 404.88 OK
r-devel-linux-x86_64-fedora-gcc 0.6.0 434.77 OK
r-devel-windows-x86_64 0.6.0 171.00 288.00 459.00 OK
r-patched-linux-x86_64 0.6.0 122.36 180.19 302.55 OK
r-release-linux-x86_64 0.6.0 123.81 182.13 305.94 OK
r-release-macos-arm64 0.6.0 105.00 NOTE
r-release-macos-x86_64 0.6.0 134.00 NOTE
r-release-windows-x86_64 0.6.0 98.00 286.00 384.00 OK
r-oldrel-macos-arm64 0.6.0 128.00 NOTE
r-oldrel-macos-x86_64 0.6.0 128.00 NOTE
r-oldrel-windows-ix86+x86_64 0.6.0 291.00 286.00 577.00 NOTE

Check Details

Version: 0.6.0
Check: whether package can be installed
Result: WARN
    Found the following significant warnings:
     /usr/include/c++/12/array:61:36: warning: array subscript 18446744073709551615 is above array bounds of ‘std::__array_traits<double, 1>::_Type’ {aka ‘const double [1]’} [-Warray-bounds]
Flavor: r-devel-linux-x86_64-debian-gcc

Version: 0.6.0
Check: installed package size
Result: NOTE
     installed size is 17.4Mb
     sub-directories of 1Mb or more:
     doc 1.4Mb
     libs 15.7Mb
Flavors: r-release-macos-arm64, r-release-macos-x86_64, r-oldrel-macos-arm64, r-oldrel-macos-x86_64, r-oldrel-windows-ix86+x86_64