CRAN Package Check Results for Package keyATM

Last updated on 2022-10-05 05:57:05 CEST.

Flavor Version Tinstall Tcheck Ttotal Status Flags
r-devel-linux-x86_64-debian-clang 0.4.1 227.99 188.66 416.65 OK
r-devel-linux-x86_64-debian-gcc 0.4.1 187.11 129.70 316.81 OK
r-devel-linux-x86_64-fedora-clang 0.4.1 629.24 OK
r-devel-linux-x86_64-fedora-gcc 0.4.1 581.02 OK
r-devel-windows-x86_64 0.4.1 383.00 230.00 613.00 OK
r-patched-linux-x86_64 0.4.1 207.66 177.10 384.76 OK
r-release-linux-x86_64 0.4.1 205.27 163.99 369.26 OK
r-release-macos-arm64 0.4.1 134.00 NOTE
r-release-macos-x86_64 0.4.1 164.00 NOTE
r-release-windows-x86_64 0.4.1 172.00 213.00 385.00 OK
r-oldrel-macos-arm64 0.4.1 137.00 NOTE
r-oldrel-macos-x86_64 0.4.1 164.00 NOTE
r-oldrel-windows-ix86+x86_64 0.4.1 553.00 342.00 895.00 OK

Check Details

Version: 0.4.1
Check: installed package size
Result: NOTE
     installed size is 11.9Mb
     sub-directories of 1Mb or more:
     libs 11.5Mb
Flavors: r-release-macos-arm64, r-release-macos-x86_64, r-oldrel-macos-arm64, r-oldrel-macos-x86_64