CRAN Package Check Results for Package kknn

Last updated on 2022-08-17 03:52:06 CEST.

Flavor Version Tinstall Tcheck Ttotal Status Flags
r-devel-linux-x86_64-debian-clang 1.3.1 11.85 81.17 93.02 OK
r-devel-linux-x86_64-debian-gcc 1.3.1 OK
r-devel-linux-x86_64-fedora-clang 1.3.1 121.27 NOTE
r-devel-linux-x86_64-fedora-gcc 1.3.1 118.04 NOTE
r-devel-windows-x86_64 1.3.1 16.00 99.00 115.00 OK
r-patched-linux-x86_64 1.3.1 12.49 78.87 91.36 OK
r-release-linux-x86_64 1.3.1 9.92 80.22 90.14 OK
r-release-macos-arm64 1.3.1 35.00 OK
r-release-macos-x86_64 1.3.1 47.00 OK
r-release-windows-x86_64 1.3.1 16.00 107.00 123.00 OK
r-oldrel-macos-arm64 1.3.1 37.00 OK
r-oldrel-macos-x86_64 1.3.1 66.00 OK
r-oldrel-windows-ix86+x86_64 1.3.1 21.00 129.00 150.00 OK

Check Details

Version: 1.3.1
Check: compiled code
Result: NOTE
    File ‘kknn/libs/kknn.so’:
     Found no calls to: ‘R_registerRoutines’, ‘R_useDynamicSymbols’
    
    It is good practice to register native routines and to disable symbol
    search.
    
    See ‘Writing portable packages’ in the ‘Writing R Extensions’ manual.
Flavors: r-devel-linux-x86_64-fedora-clang, r-devel-linux-x86_64-fedora-gcc