CRAN Package Check Results for Package klic

Last updated on 2020-08-04 02:50:13 CEST.

Flavor Version Tinstall Tcheck Ttotal Status Flags
r-devel-linux-x86_64-debian-clang 1.0.4 2.57 26.82 29.39 OK
r-devel-linux-x86_64-debian-gcc 1.0.4 2.45 20.56 23.01 OK
r-devel-linux-x86_64-fedora-clang 1.0.4 43.80 OK
r-devel-linux-x86_64-fedora-gcc 1.0.4 35.38 OK
r-devel-windows-ix86+x86_64 1.0.4 14.00 37.00 51.00 OK
r-patched-linux-x86_64 1.0.4 3.25 26.15 29.40 OK
r-patched-solaris-x86 1.0.4 55.80 NOTE
r-release-linux-x86_64 1.0.4 3.34 26.20 29.54 OK
r-release-macos-x86_64 1.0.4 OK
r-release-windows-ix86+x86_64 1.0.4 20.00 57.00 77.00 OK
r-oldrel-macos-x86_64 1.0.4 OK
r-oldrel-windows-ix86+x86_64 1.0.4 5.00 49.00 54.00 OK

Check Details

Version: 1.0.4
Check: package dependencies
Result: NOTE
    Package suggested but not available for checking: ‘Rmosek’
Flavor: r-patched-solaris-x86