CRAN Package Check Results for Package kokudosuuchi

Last updated on 2020-12-01 02:48:51 CET.

Flavor Version Tinstall Tcheck Ttotal Status Flags
r-devel-linux-x86_64-debian-clang 0.4.2 5.36 43.05 48.41 OK
r-devel-linux-x86_64-debian-gcc 0.4.2 3.99 33.06 37.05 OK
r-devel-linux-x86_64-fedora-clang 0.4.2 62.26 NOTE
r-devel-linux-x86_64-fedora-gcc 0.4.2 51.90 NOTE
r-devel-windows-ix86+x86_64 0.4.2 10.00 44.00 54.00 OK
r-patched-linux-x86_64 0.4.2 5.62 43.73 49.35 OK
r-patched-solaris-x86 0.4.2 77.50 NOTE
r-release-linux-x86_64 0.4.2 5.31 43.27 48.58 OK
r-release-macos-x86_64 0.4.2 NOTE
r-release-windows-ix86+x86_64 0.4.2 10.00 44.00 54.00 OK
r-oldrel-macos-x86_64 0.4.2 NOTE
r-oldrel-windows-ix86+x86_64 0.4.2 7.00 55.00 62.00 OK

Check Details

Version: 0.4.2
Check: data for non-ASCII characters
Result: NOTE
     Note: found 52458 marked UTF-8 strings
Flavors: r-devel-linux-x86_64-fedora-clang, r-devel-linux-x86_64-fedora-gcc, r-patched-solaris-x86, r-release-macos-x86_64, r-oldrel-macos-x86_64