CRAN Package Check Results for Package lans2r

Last updated on 2020-12-02 02:51:57 CET.

Flavor Version Tinstall Tcheck Ttotal Status Flags
r-devel-linux-x86_64-debian-clang 1.1.0 8.79 100.97 109.76 OK
r-devel-linux-x86_64-debian-gcc 1.1.0 6.64 76.39 83.03 OK
r-devel-linux-x86_64-fedora-clang 1.1.0 131.84 OK
r-devel-linux-x86_64-fedora-gcc 1.1.0 126.55 OK
r-devel-windows-ix86+x86_64 1.1.0 16.00 101.00 117.00 OK
r-patched-linux-x86_64 1.1.0 7.71 96.32 104.03 OK
r-patched-solaris-x86 1.1.0 188.60 NOTE
r-release-linux-x86_64 1.1.0 8.21 95.61 103.82 OK
r-release-macos-x86_64 1.1.0 OK
r-release-windows-ix86+x86_64 1.1.0 13.00 96.00 109.00 OK
r-oldrel-macos-x86_64 1.1.0 OK
r-oldrel-windows-ix86+x86_64 1.1.0 14.00 131.00 145.00 OK

Check Details

Version: 1.1.0
Check: installed package size
Result: NOTE
     installed size is 6.1Mb
     sub-directories of 1Mb or more:
     doc 2.5Mb
     extdata 3.1Mb
Flavor: r-patched-solaris-x86