CRAN Package Check Results for Package latex2exp

Last updated on 2021-10-26 02:56:34 CEST.

Flavor Version Tinstall Tcheck Ttotal Status Flags
r-devel-linux-x86_64-debian-clang 0.5.0 2.74 29.04 31.78 NOTE
r-devel-linux-x86_64-debian-gcc 0.5.0 2.07 22.49 24.56 NOTE
r-devel-linux-x86_64-fedora-clang 0.5.0 48.13 NOTE
r-devel-linux-x86_64-fedora-gcc 0.5.0 37.65 NOTE
r-devel-windows-x86_64 0.5.0 5.00 50.00 55.00 NOTE
r-devel-windows-x86_64-gcc10-UCRT 0.5.0 NOTE
r-patched-linux-x86_64 0.5.0 2.52 27.89 30.41 NOTE
r-patched-solaris-x86 0.5.0 59.70 NOTE
r-release-linux-x86_64 0.5.0 2.21 27.72 29.93 NOTE
r-release-macos-arm64 0.5.0 NOTE
r-release-macos-x86_64 0.5.0 NOTE
r-release-windows-ix86+x86_64 0.5.0 4.00 50.00 54.00 NOTE
r-oldrel-macos-x86_64 0.5.0 OK
r-oldrel-windows-ix86+x86_64 0.5.0 7.00 54.00 61.00 OK

Check Details

Version: 0.5.0
Check: LazyData
Result: NOTE
     'LazyData' is specified without a 'data' directory
Flavors: r-devel-linux-x86_64-debian-clang, r-devel-linux-x86_64-debian-gcc, r-devel-linux-x86_64-fedora-clang, r-devel-linux-x86_64-fedora-gcc, r-devel-windows-x86_64, r-devel-windows-x86_64-gcc10-UCRT, r-patched-linux-x86_64, r-patched-solaris-x86, r-release-linux-x86_64, r-release-macos-arm64, r-release-macos-x86_64, r-release-windows-ix86+x86_64