Last updated on 2021-04-14 02:46:46 CEST.
Flavor | Version | Tinstall | Tcheck | Ttotal | Status | Flags |
---|---|---|---|---|---|---|
r-devel-linux-x86_64-debian-clang | 0.6-29 | 8.35 | 85.20 | 93.55 | OK | |
r-devel-linux-x86_64-debian-gcc | 0.6-29 | 5.66 | 63.81 | 69.47 | OK | |
r-devel-linux-x86_64-fedora-clang | 0.6-29 | 118.38 | NOTE | |||
r-devel-linux-x86_64-fedora-gcc | 0.6-29 | 106.15 | OK | |||
r-devel-windows-ix86+x86_64 | 0.6-29 | 12.00 | 104.00 | 116.00 | OK | |
r-devel-windows-x86_64-gcc10-UCRT | 0.6-29 | OK | ||||
r-patched-linux-x86_64 | 0.6-29 | 6.79 | 79.23 | 86.02 | OK | |
r-patched-solaris-x86 | 0.6-29 | 145.40 | OK | |||
r-release-linux-x86_64 | 0.6-29 | 6.21 | 79.64 | 85.85 | OK | |
r-release-macos-x86_64 | 0.6-29 | OK | ||||
r-release-windows-ix86+x86_64 | 0.6-29 | 11.00 | 108.00 | 119.00 | OK | |
r-oldrel-macos-x86_64 | 0.6-29 | OK | ||||
r-oldrel-windows-ix86+x86_64 | 0.6-29 | 12.00 | 80.00 | 92.00 | OK |
Version: 0.6-29
Check: Rd cross-references
Result: NOTE
Undeclared package ‘ggplot2’ in Rd xrefs
Flavor: r-devel-linux-x86_64-fedora-clang