CRAN Package Check Results for Package lawstat

Last updated on 2020-11-28 02:49:00 CET.

Flavor Version Tinstall Tcheck Ttotal Status Flags
r-devel-linux-x86_64-debian-clang 3.4 7.96 50.64 58.60 OK
r-devel-linux-x86_64-debian-gcc 3.4 5.13 40.92 46.05 OK
r-devel-linux-x86_64-fedora-clang 3.4 75.17 NOTE
r-devel-linux-x86_64-fedora-gcc 3.4 65.15 OK
r-devel-windows-ix86+x86_64 3.4 11.00 69.00 80.00 OK
r-patched-linux-x86_64 3.4 7.35 50.00 57.35 OK
r-patched-solaris-x86 3.4 92.70 OK
r-release-linux-x86_64 3.4 7.46 52.03 59.49 OK
r-release-macos-x86_64 3.4 OK
r-release-windows-ix86+x86_64 3.4 11.00 64.00 75.00 OK
r-oldrel-macos-x86_64 3.4 OK
r-oldrel-windows-ix86+x86_64 3.4 10.00 61.00 71.00 OK

Check Details

Version: 3.4
Check: Rd cross-references
Result: NOTE
    Undeclared packages ‘VGAM’, ‘tseries’ in Rd xrefs
Flavor: r-devel-linux-x86_64-fedora-clang