CRAN Package Check Results for Package lboxcox

Last updated on 2022-10-03 03:55:05 CEST.

Flavor Version Tinstall Tcheck Ttotal Status Flags
r-devel-linux-x86_64-debian-clang 1.1 8.45 97.91 106.36 OK
r-devel-linux-x86_64-debian-gcc 1.1 7.05 74.92 81.97 OK
r-devel-linux-x86_64-fedora-clang 1.1 142.07 OK
r-devel-linux-x86_64-fedora-gcc 1.1 135.61 OK
r-devel-windows-x86_64 1.1 13.00 125.00 138.00 OK
r-patched-linux-x86_64 1.1 8.40 92.55 100.95 OK
r-release-linux-x86_64 1.1 9.24 92.86 102.10 OK
r-release-macos-arm64 1.1 41.00 OK
r-release-macos-x86_64 1.1 55.00 OK
r-release-windows-x86_64 1.1 14.00 130.00 144.00 OK
r-oldrel-macos-arm64 1.1 39.00 OK
r-oldrel-macos-x86_64 1.1 57.00 OK
r-oldrel-windows-ix86+x86_64 1.1 20.00 125.00 145.00 ERROR

Check Details

Version: 1.1
Check: PDF version of manual
Result: WARN
    LaTeX errors when creating PDF version.
    This typically indicates Rd problems.
    LaTeX errors found:
    ! Package inputenc Error: Unicode char รข<c2><80><c2><90> (U+2010)
    (inputenc) not set up for use with LaTeX.
    
    See the inputenc package documentation for explanation.
    Type H <return> for immediate help.
Flavor: r-oldrel-windows-ix86+x86_64

Version: 1.1
Check: PDF version of manual without hyperrefs or index
Result: ERROR
Flavor: r-oldrel-windows-ix86+x86_64