Last updated on 2021-04-16 02:47:25 CEST.
Flavor | Version | Tinstall | Tcheck | Ttotal | Status | Flags |
---|---|---|---|---|---|---|
r-devel-linux-x86_64-debian-clang | 0.1.1 | 3.53 | 39.86 | 43.39 | NOTE | |
r-devel-linux-x86_64-debian-gcc | 0.1.1 | 2.92 | 30.75 | 33.67 | NOTE | |
r-devel-linux-x86_64-fedora-clang | 0.1.1 | 63.86 | NOTE | |||
r-devel-linux-x86_64-fedora-gcc | 0.1.1 | 51.41 | NOTE | |||
r-devel-windows-ix86+x86_64 | 0.1.1 | 9.00 | 58.00 | 67.00 | NOTE | |
r-devel-windows-x86_64-gcc10-UCRT | 0.1.1 | NOTE | ||||
r-patched-linux-x86_64 | 0.1.1 | 3.25 | 37.55 | 40.80 | OK | |
r-patched-solaris-x86 | 0.1.1 | 78.50 | OK | |||
r-release-linux-x86_64 | 0.1.1 | 3.42 | 38.11 | 41.53 | OK | |
r-release-macos-x86_64 | 0.1.1 | OK | ||||
r-release-windows-ix86+x86_64 | 0.1.1 | 9.00 | 57.00 | 66.00 | OK | |
r-oldrel-macos-x86_64 | 0.1.1 | OK | ||||
r-oldrel-windows-ix86+x86_64 | 0.1.1 | 4.00 | 43.00 | 47.00 | OK |
Version: 0.1.1
Check: LazyData
Result: NOTE
'LazyData' is specified without a 'data' directory
Flavors: r-devel-linux-x86_64-debian-clang, r-devel-linux-x86_64-debian-gcc, r-devel-linux-x86_64-fedora-clang, r-devel-linux-x86_64-fedora-gcc, r-devel-windows-ix86+x86_64, r-devel-windows-x86_64-gcc10-UCRT