CRAN Package Check Results for Package leaflet.esri

Last updated on 2022-12-10 02:49:31 CET.

Flavor Version Tinstall Tcheck Ttotal Status Flags
r-devel-linux-x86_64-debian-clang 1.0.0 4.26 33.26 37.52 NOTE
r-devel-linux-x86_64-debian-gcc 1.0.0 2.34 26.04 28.38 NOTE
r-devel-linux-x86_64-fedora-clang 1.0.0 58.37 NOTE
r-devel-linux-x86_64-fedora-gcc 1.0.0 53.54 NOTE
r-devel-windows-x86_64 1.0.0 202.00 65.00 267.00 NOTE
r-patched-linux-x86_64 1.0.0 9.04 30.95 39.99 NOTE
r-release-linux-x86_64 1.0.0 3.57 31.23 34.80 NOTE
r-release-macos-arm64 1.0.0 16.00 NOTE
r-release-macos-x86_64 1.0.0 34.00 NOTE
r-release-windows-x86_64 1.0.0 294.00 62.00 356.00 NOTE
r-oldrel-macos-arm64 1.0.0 25.00 NOTE
r-oldrel-macos-x86_64 1.0.0 29.00 NOTE
r-oldrel-windows-ix86+x86_64 1.0.0 12.00 55.00 67.00 NOTE

Check Details

Version: 1.0.0
Check: LazyData
Result: NOTE
     'LazyData' is specified without a 'data' directory
Flavors: r-devel-linux-x86_64-debian-clang, r-devel-linux-x86_64-debian-gcc, r-devel-linux-x86_64-fedora-clang, r-devel-linux-x86_64-fedora-gcc, r-devel-windows-x86_64, r-patched-linux-x86_64, r-release-linux-x86_64, r-release-macos-arm64, r-release-macos-x86_64, r-release-windows-x86_64, r-oldrel-macos-arm64, r-oldrel-macos-x86_64, r-oldrel-windows-ix86+x86_64