CRAN Package Check Results for Package lillies

Last updated on 2020-12-05 02:49:47 CET.

Flavor Version Tinstall Tcheck Ttotal Status Flags
r-devel-linux-x86_64-debian-clang 0.2.8 5.10 73.59 78.69 OK
r-devel-linux-x86_64-debian-gcc 0.2.8 5.02 57.72 62.74 OK
r-devel-linux-x86_64-fedora-clang 0.2.8 99.78 NOTE
r-devel-linux-x86_64-fedora-gcc 0.2.8 91.73 NOTE
r-devel-windows-ix86+x86_64 0.2.8 10.00 101.00 111.00 OK
r-patched-linux-x86_64 0.2.8 5.34 70.47 75.81 OK
r-patched-solaris-x86 0.2.8 131.10 NOTE
r-release-linux-x86_64 0.2.8 5.32 71.62 76.94 OK
r-release-macos-x86_64 0.2.8 NOTE
r-release-windows-ix86+x86_64 0.2.8 7.00 74.00 81.00 OK
r-oldrel-macos-x86_64 0.2.8 NOTE
r-oldrel-windows-ix86+x86_64 0.2.8 8.00 102.00 110.00 OK

Check Details

Version: 0.2.8
Check: dependencies in R code
Result: NOTE
    Namespace in Imports field not imported from: ‘ddpcr’
     All declared Imports should be used.
Flavors: r-devel-linux-x86_64-fedora-clang, r-devel-linux-x86_64-fedora-gcc, r-patched-solaris-x86, r-release-macos-x86_64, r-oldrel-macos-x86_64