CRAN Package Check Results for Package linguisticsdown

Last updated on 2022-07-01 02:54:20 CEST.

Flavor Version Tinstall Tcheck Ttotal Status Flags
r-devel-linux-x86_64-debian-clang 1.2.0 3.99 41.13 45.12 NOTE
r-devel-linux-x86_64-debian-gcc 1.2.0 2.93 32.44 35.37 NOTE
r-devel-linux-x86_64-fedora-clang 1.2.0 65.38 NOTE
r-devel-linux-x86_64-fedora-gcc 1.2.0 73.45 NOTE
r-devel-windows-x86_64 1.2.0 27.00 69.00 96.00 NOTE
r-patched-linux-x86_64 1.2.0 3.95 40.04 43.99 NOTE
r-release-linux-x86_64 1.2.0 3.92 39.66 43.58 NOTE
r-release-macos-arm64 1.2.0 19.00 NOTE
r-release-macos-x86_64 1.2.0 40.00 NOTE
r-release-windows-x86_64 1.2.0 66.00 69.00 135.00 NOTE
r-oldrel-macos-arm64 1.2.0 26.00 NOTE
r-oldrel-macos-x86_64 1.2.0 34.00 NOTE
r-oldrel-windows-ix86+x86_64 1.2.0 12.00 63.00 75.00 NOTE

Check Details

Version: 1.2.0
Check: LazyData
Result: NOTE
     'LazyData' is specified without a 'data' directory
Flavors: r-devel-linux-x86_64-debian-clang, r-devel-linux-x86_64-debian-gcc, r-devel-linux-x86_64-fedora-clang, r-devel-linux-x86_64-fedora-gcc, r-devel-windows-x86_64, r-patched-linux-x86_64, r-release-linux-x86_64, r-release-macos-arm64, r-release-macos-x86_64, r-release-windows-x86_64, r-oldrel-macos-arm64, r-oldrel-macos-x86_64, r-oldrel-windows-ix86+x86_64