CRAN Package Check Results for Package link2GI

Last updated on 2020-11-27 02:47:09 CET.

Flavor Version Tinstall Tcheck Ttotal Status Flags
r-devel-linux-x86_64-debian-clang 0.4.3 12.16 98.99 111.15 OK
r-devel-linux-x86_64-debian-gcc 0.4.3 10.42 77.29 87.71 OK
r-devel-linux-x86_64-fedora-clang 0.4.3 140.09 NOTE
r-devel-linux-x86_64-fedora-gcc 0.4.3 133.13 NOTE
r-devel-windows-ix86+x86_64 0.4.3 27.00 89.00 116.00 OK
r-patched-linux-x86_64 0.4.3 11.88 91.78 103.66 OK
r-patched-solaris-x86 0.4.3 185.70 NOTE
r-release-linux-x86_64 0.4.3 12.40 92.05 104.45 OK
r-release-macos-x86_64 0.4.3 NOTE
r-release-windows-ix86+x86_64 0.4.3 32.00 123.00 155.00 OK
r-oldrel-macos-x86_64 0.4.3 NOTE
r-oldrel-windows-ix86+x86_64 0.4.3 18.00 114.00 132.00 OK

Check Details

Version: 0.4.3
Check: dependencies in R code
Result: NOTE
    Namespace in Imports field not imported from: ‘methods’
     All declared Imports should be used.
Flavors: r-devel-linux-x86_64-fedora-clang, r-devel-linux-x86_64-fedora-gcc, r-patched-solaris-x86, r-release-macos-x86_64, r-oldrel-macos-x86_64