CRAN Package Check Results for Package listarrays

Last updated on 2022-10-04 02:54:43 CEST.

Flavor Version Tinstall Tcheck Ttotal Status Flags
r-devel-linux-x86_64-debian-clang 0.3.1 2.63 34.76 37.39 NOTE
r-devel-linux-x86_64-debian-gcc 0.3.1 1.86 26.94 28.80 NOTE
r-devel-linux-x86_64-fedora-clang 0.3.1 58.44 NOTE
r-devel-linux-x86_64-fedora-gcc 0.3.1 55.15 NOTE
r-devel-windows-x86_64 0.3.1 53.00 63.00 116.00 NOTE
r-patched-linux-x86_64 0.3.1 2.83 32.78 35.61 NOTE
r-release-linux-x86_64 0.3.1 1.91 32.46 34.37 NOTE
r-release-macos-arm64 0.3.1 17.00 NOTE
r-release-macos-x86_64 0.3.1 25.00 NOTE
r-release-windows-x86_64 0.3.1 37.00 60.00 97.00 NOTE
r-oldrel-macos-arm64 0.3.1 18.00 NOTE
r-oldrel-macos-x86_64 0.3.1 33.00 NOTE
r-oldrel-windows-ix86+x86_64 0.3.1 7.00 56.00 63.00 NOTE

Check Details

Version: 0.3.1
Check: LazyData
Result: NOTE
     'LazyData' is specified without a 'data' directory
Flavors: r-devel-linux-x86_64-debian-clang, r-devel-linux-x86_64-debian-gcc, r-devel-linux-x86_64-fedora-clang, r-devel-linux-x86_64-fedora-gcc, r-devel-windows-x86_64, r-patched-linux-x86_64, r-release-linux-x86_64, r-release-macos-arm64, r-release-macos-x86_64, r-release-windows-x86_64, r-oldrel-macos-arm64, r-oldrel-macos-x86_64, r-oldrel-windows-ix86+x86_64

Version: 0.3.1
Check: Rd cross-references
Result: NOTE
    Undeclared package ‘keras’ in Rd xrefs
Flavor: r-devel-linux-x86_64-fedora-clang