CRAN Package Check Results for Package listviewer

Last updated on 2021-04-14 02:46:46 CEST.

Flavor Version Tinstall Tcheck Ttotal Status Flags
r-devel-linux-x86_64-debian-clang 3.0.0 2.38 26.02 28.40 NOTE
r-devel-linux-x86_64-debian-gcc 3.0.0 1.87 20.56 22.43 NOTE
r-devel-linux-x86_64-fedora-clang 3.0.0 47.03 NOTE
r-devel-linux-x86_64-fedora-gcc 3.0.0 33.17 NOTE
r-devel-windows-ix86+x86_64 3.0.0 6.00 43.00 49.00 NOTE
r-devel-windows-x86_64-gcc10-UCRT 3.0.0 NOTE
r-patched-linux-x86_64 3.0.0 2.39 24.05 26.44 OK
r-patched-solaris-x86 3.0.0 51.80 OK
r-release-linux-x86_64 3.0.0 2.45 23.99 26.44 OK
r-release-macos-x86_64 3.0.0 OK
r-release-windows-ix86+x86_64 3.0.0 6.00 41.00 47.00 OK
r-oldrel-macos-x86_64 3.0.0 OK
r-oldrel-windows-ix86+x86_64 3.0.0 4.00 28.00 32.00 OK

Check Details

Version: 3.0.0
Check: LazyData
Result: NOTE
     'LazyData' is specified without a 'data' directory
Flavors: r-devel-linux-x86_64-debian-clang, r-devel-linux-x86_64-debian-gcc, r-devel-linux-x86_64-fedora-clang, r-devel-linux-x86_64-fedora-gcc, r-devel-windows-ix86+x86_64, r-devel-windows-x86_64-gcc10-UCRT