CRAN Package Check Results for Package live

Last updated on 2022-12-04 02:49:19 CET.

Flavor Version Tinstall Tcheck Ttotal Status Flags
r-devel-linux-x86_64-debian-clang 1.5.13 13.97 180.72 194.69 OK
r-devel-linux-x86_64-debian-gcc 1.5.13 10.51 132.78 143.29 OK
r-devel-linux-x86_64-fedora-clang 1.5.13 242.26 NOTE
r-devel-linux-x86_64-fedora-gcc 1.5.13 254.47 NOTE
r-devel-windows-x86_64 1.5.13 29.00 205.00 234.00 OK
r-patched-linux-x86_64 1.5.13 14.17 166.39 180.56 OK
r-release-linux-x86_64 1.5.13 9.25 171.70 180.95 OK
r-release-macos-arm64 1.5.13 62.00 NOTE
r-release-macos-x86_64 1.5.13 101.00 NOTE
r-release-windows-x86_64 1.5.13 27.00 222.00 249.00 OK
r-oldrel-macos-arm64 1.5.13 91.00 NOTE
r-oldrel-macos-x86_64 1.5.13 112.00 NOTE
r-oldrel-windows-ix86+x86_64 1.5.13 31.00 201.00 232.00 OK

Check Details

Version: 1.5.13
Check: dependencies in R code
Result: NOTE
    Namespace in Imports field not imported from: ‘e1071’
     All declared Imports should be used.
Flavors: r-devel-linux-x86_64-fedora-clang, r-devel-linux-x86_64-fedora-gcc, r-release-macos-arm64, r-release-macos-x86_64, r-oldrel-macos-arm64, r-oldrel-macos-x86_64

Version: 1.5.13
Check: package dependencies
Result: NOTE
    Package suggested but not available for checking: ‘RWeka’
Flavor: r-release-macos-x86_64