CRAN Package Check Results for Package llama

Last updated on 2021-03-04 02:48:13 CET.

Flavor Version Tinstall Tcheck Ttotal Status Flags
r-devel-linux-x86_64-debian-clang 0.10 14.09 146.67 160.76 OK
r-devel-linux-x86_64-debian-gcc 0.10 11.35 107.30 118.65 OK
r-devel-linux-x86_64-fedora-clang 0.10 200.76 OK
r-devel-linux-x86_64-fedora-gcc 0.10 188.28 OK
r-devel-windows-ix86+x86_64 0.10 34.00 183.00 217.00 OK
r-patched-linux-x86_64 0.10 14.10 132.98 147.08 OK
r-patched-solaris-x86 0.10 275.70 OK
r-release-linux-x86_64 0.10 13.89 132.69 146.58 OK
r-release-macos-x86_64 0.10 OK
r-release-windows-ix86+x86_64 0.10 27.00 135.00 162.00 OK
r-oldrel-macos-x86_64 0.10 ERROR

Check Details

Version: 0.10
Check: whether package can be installed
Result: ERROR
    Installation failed.
Flavor: r-oldrel-macos-x86_64