CRAN Package Check Results for Package localScore

Last updated on 2022-06-27 02:54:30 CEST.

Flavor Version Tinstall Tcheck Ttotal Status Flags
r-devel-linux-x86_64-debian-clang 1.0.8 59.91 166.98 226.89 OK
r-devel-linux-x86_64-debian-gcc 1.0.8 55.08 121.13 176.21 OK
r-devel-linux-x86_64-fedora-clang 1.0.8 300.82 NOTE
r-devel-linux-x86_64-fedora-gcc 1.0.8 294.84 OK
r-devel-windows-x86_64 1.0.8 269.00 237.00 506.00 OK
r-patched-linux-x86_64 1.0.8 54.09 161.67 215.76 OK
r-release-linux-x86_64 1.0.8 57.25 161.67 218.92 OK
r-release-macos-arm64 1.0.8 105.00 NOTE
r-release-macos-x86_64 1.0.8 111.00 NOTE
r-release-windows-x86_64 1.0.8 200.00 231.00 431.00 OK
r-oldrel-macos-arm64 1.0.8 91.00 NOTE
r-oldrel-macos-x86_64 1.0.8 113.00 NOTE
r-oldrel-windows-ix86+x86_64 1.0.8 139.00 231.00 370.00 OK

Check Details

Version: 1.0.8
Check: installed package size
Result: NOTE
     installed size is 17.0Mb
     sub-directories of 1Mb or more:
     libs 16.3Mb
Flavors: r-devel-linux-x86_64-fedora-clang, r-release-macos-arm64, r-release-macos-x86_64, r-oldrel-macos-arm64, r-oldrel-macos-x86_64