Last updated on 2023-02-02 02:51:13 CET.
Flavor | Version | Tinstall | Tcheck | Ttotal | Status | Flags |
---|---|---|---|---|---|---|
r-devel-linux-x86_64-debian-clang | 0.2.2 | 3.82 | 60.85 | 64.67 | OK | |
r-devel-linux-x86_64-debian-gcc | 0.2.2 | 2.65 | 45.59 | 48.24 | OK | |
r-devel-linux-x86_64-fedora-clang | 0.2.2 | 78.89 | OK | |||
r-devel-linux-x86_64-fedora-gcc | 0.2.2 | 92.43 | OK | |||
r-devel-windows-x86_64 | 0.2.2 | 46.00 | 115.00 | 161.00 | NOTE | |
r-patched-linux-x86_64 | 0.2.2 | 4.91 | 54.94 | 59.85 | OK | |
r-release-linux-x86_64 | 0.2.2 | 3.90 | 51.08 | 54.98 | OK | |
r-release-macos-arm64 | 0.2.2 | 30.00 | OK | |||
r-release-macos-x86_64 | 0.2.2 | 43.00 | OK | |||
r-release-windows-x86_64 | 0.2.2 | 52.00 | 118.00 | 170.00 | NOTE | |
r-oldrel-macos-arm64 | 0.2.2 | 36.00 | OK | |||
r-oldrel-macos-x86_64 | 0.2.2 | 41.00 | OK | |||
r-oldrel-windows-ix86+x86_64 | 0.2.2 | 9.00 | 101.00 | 110.00 | NOTE |
Version: 0.2.2
Check: package dependencies
Result: NOTE
Package suggested but not available for checking: 'rsyslog'
Flavors: r-devel-windows-x86_64, r-release-windows-x86_64, r-oldrel-windows-ix86+x86_64
Version: 0.2.2
Check: Rd cross-references
Result: NOTE
Package unavailable to check Rd xrefs: 'rsyslog'
Flavor: r-oldrel-windows-ix86+x86_64