Last updated on 2021-01-24 02:50:18 CET.
Flavor | Version | Tinstall | Tcheck | Ttotal | Status | Flags |
---|---|---|---|---|---|---|
r-devel-linux-x86_64-debian-clang | 0.73.2 | 3.16 | 36.34 | 39.50 | OK | |
r-devel-linux-x86_64-debian-gcc | 0.73.2 | 2.45 | 29.57 | 32.02 | OK | |
r-devel-linux-x86_64-fedora-clang | 0.73.2 | 57.58 | NOTE | |||
r-devel-linux-x86_64-fedora-gcc | 0.73.2 | 48.83 | NOTE | |||
r-devel-windows-ix86+x86_64 | 0.73.2 | 7.00 | 41.00 | 48.00 | OK | |
r-patched-linux-x86_64 | 0.73.2 | 3.29 | 35.46 | 38.75 | OK | |
r-patched-solaris-x86 | 0.73.2 | 72.10 | NOTE | |||
r-release-linux-x86_64 | 0.73.2 | 3.08 | 35.30 | 38.38 | OK | |
r-release-macos-x86_64 | 0.73.2 | NOTE | ||||
r-release-windows-ix86+x86_64 | 0.73.2 | 6.00 | 56.00 | 62.00 | OK | |
r-oldrel-macos-x86_64 | 0.73.2 | NOTE | ||||
r-oldrel-windows-ix86+x86_64 | 0.73.2 | 6.00 | 55.00 | 61.00 | OK |
Version: 0.73.2
Check: data for non-ASCII characters
Result: NOTE
Note: found 143 marked Latin-1 strings
Note: found 833 marked UTF-8 strings
Flavors: r-devel-linux-x86_64-fedora-clang, r-devel-linux-x86_64-fedora-gcc, r-patched-solaris-x86, r-release-macos-x86_64, r-oldrel-macos-x86_64