Last updated on 2021-03-04 02:48:13 CET.
Flavor | Version | Tinstall | Tcheck | Ttotal | Status | Flags |
---|---|---|---|---|---|---|
r-devel-linux-x86_64-debian-clang | 1.0 | 5.90 | 87.39 | 93.29 | OK | |
r-devel-linux-x86_64-debian-gcc | 1.0 | 4.51 | 64.27 | 68.78 | OK | |
r-devel-linux-x86_64-fedora-clang | 1.0 | 116.11 | NOTE | |||
r-devel-linux-x86_64-fedora-gcc | 1.0 | 105.86 | NOTE | |||
r-devel-windows-ix86+x86_64 | 1.0 | 16.00 | 125.00 | 141.00 | OK | |
r-patched-linux-x86_64 | 1.0 | 5.57 | 81.97 | 87.54 | OK | |
r-patched-solaris-x86 | 1.0 | 149.40 | NOTE | |||
r-release-linux-x86_64 | 1.0 | 6.22 | 82.29 | 88.51 | OK | |
r-release-macos-x86_64 | 1.0 | NOTE | ||||
r-release-windows-ix86+x86_64 | 1.0 | 11.00 | 88.00 | 99.00 | OK | |
r-oldrel-macos-x86_64 | 1.0 | NOTE | ||||
r-oldrel-windows-ix86+x86_64 | 1.0 | 12.00 | 108.00 | 120.00 | OK |
Version: 1.0
Check: dependencies in R code
Result: NOTE
Namespaces in Imports field not imported from:
‘e1071’ ‘utils’
All declared Imports should be used.
Flavors: r-devel-linux-x86_64-fedora-clang, r-devel-linux-x86_64-fedora-gcc, r-patched-solaris-x86, r-release-macos-x86_64, r-oldrel-macos-x86_64