CRAN Package Check Results for Package mbest

Last updated on 2020-07-03 02:47:06 CEST.

Flavor Version Tinstall Tcheck Ttotal Status Flags
r-devel-linux-x86_64-debian-clang 0.6 12.91 192.25 205.16 OK
r-devel-linux-x86_64-debian-gcc 0.6 10.26 141.90 152.16 OK
r-devel-linux-x86_64-fedora-clang 0.6 241.55 NOTE
r-devel-linux-x86_64-fedora-gcc 0.6 228.98 OK
r-devel-windows-ix86+x86_64 0.6 35.00 334.00 369.00 OK
r-patched-linux-x86_64 0.6 12.79 182.57 195.36 OK
r-patched-solaris-x86 0.6 309.70 OK
r-release-linux-x86_64 0.6 12.08 186.56 198.64 OK
r-release-osx-x86_64 0.6 OK
r-release-windows-ix86+x86_64 0.6 25.00 325.00 350.00 OK
r-oldrel-osx-x86_64 0.6 OK
r-oldrel-windows-ix86+x86_64 0.6 29.00 370.00 399.00 OK

Check Details

Version: 0.6
Check: Rd cross-references
Result: NOTE
    Undeclared packages ‘logistf’, ‘brglm’ in Rd xrefs
Flavor: r-devel-linux-x86_64-fedora-clang