Last updated on 2023-03-31 03:52:33 CEST.
Flavor | Version | Tinstall | Tcheck | Ttotal | Status | Flags |
---|---|---|---|---|---|---|
r-devel-linux-x86_64-debian-clang | 1.3.5 | 5.28 | 41.48 | 46.76 | NOTE | |
r-devel-linux-x86_64-debian-gcc | 1.3.5 | 4.75 | 31.91 | 36.66 | NOTE | |
r-devel-linux-x86_64-fedora-clang | 1.3.5 | 58.94 | NOTE | |||
r-devel-linux-x86_64-fedora-gcc | 1.3.5 | 68.26 | NOTE | |||
r-devel-windows-x86_64 | 1.3.5 | 17.00 | 0.00 | 17.00 | NOTE | |
r-patched-linux-x86_64 | 1.3.5 | 6.50 | 41.07 | 47.57 | NOTE | |
r-release-linux-x86_64 | 1.3.5 | 4.86 | 42.10 | 46.96 | NOTE | |
r-release-macos-arm64 | 1.3.5 | 23.00 | NOTE | |||
r-release-macos-x86_64 | 1.3.5 | 31.00 | NOTE | |||
r-release-windows-x86_64 | 1.3.5 | 15.00 | 79.00 | 94.00 | NOTE | |
r-oldrel-macos-arm64 | 1.3.5 | 29.00 | NOTE | |||
r-oldrel-macos-x86_64 | 1.3.5 | 37.00 | NOTE | |||
r-oldrel-windows-ix86+x86_64 | 1.3.5 | 11.00 | 68.00 | 79.00 | NOTE |
Version: 1.3.5
Check: LazyData
Result: NOTE
'LazyData' is specified without a 'data' directory
Flavors: r-devel-linux-x86_64-debian-clang, r-devel-linux-x86_64-debian-gcc, r-devel-linux-x86_64-fedora-clang, r-devel-linux-x86_64-fedora-gcc, r-devel-windows-x86_64, r-patched-linux-x86_64, r-release-linux-x86_64, r-release-macos-arm64, r-release-macos-x86_64, r-release-windows-x86_64, r-oldrel-macos-arm64, r-oldrel-macos-x86_64, r-oldrel-windows-ix86+x86_64
Version: 1.3.5
Check: dependencies in R code
Result: NOTE
Namespaces in Imports field not imported from:
‘effsize’ ‘psych’
All declared Imports should be used.
Flavors: r-devel-linux-x86_64-fedora-clang, r-devel-linux-x86_64-fedora-gcc, r-release-macos-arm64, r-release-macos-x86_64, r-oldrel-macos-arm64, r-oldrel-macos-x86_64