CRAN Package Check Results for Package mcMST

Last updated on 2021-03-04 02:48:14 CET.

Flavor Version Tinstall Tcheck Ttotal Status Flags
r-devel-linux-x86_64-debian-clang 1.0.1 13.68 141.05 154.73 OK
r-devel-linux-x86_64-debian-gcc 1.0.1 11.87 105.23 117.10 OK
r-devel-linux-x86_64-fedora-clang 1.0.1 194.49 NOTE
r-devel-linux-x86_64-fedora-gcc 1.0.1 185.92 NOTE
r-devel-windows-ix86+x86_64 1.0.1 30.00 169.00 199.00 OK
r-patched-linux-x86_64 1.0.1 13.55 133.43 146.98 OK
r-patched-solaris-x86 1.0.1 264.70 NOTE
r-release-linux-x86_64 1.0.1 12.21 132.67 144.88 OK
r-release-macos-x86_64 1.0.1 NOTE
r-release-windows-ix86+x86_64 1.0.1 21.00 123.00 144.00 OK
r-oldrel-macos-x86_64 1.0.1 NOTE
r-oldrel-windows-ix86+x86_64 1.0.1 27.00 146.00 173.00 OK

Check Details

Version: 1.0.1
Check: dependencies in R code
Result: NOTE
    Namespaces in Imports field not imported from:
     ‘parallelMap’ ‘reshape2’
     All declared Imports should be used.
Flavors: r-devel-linux-x86_64-fedora-clang, r-devel-linux-x86_64-fedora-gcc, r-patched-solaris-x86, r-release-macos-x86_64, r-oldrel-macos-x86_64