CRAN Package Check Results for Package mhazard

Last updated on 2023-06-06 02:55:46 CEST.

Flavor Version Tinstall Tcheck Ttotal Status Flags
r-devel-linux-x86_64-debian-clang 0.2.1 60.47 125.36 185.83 NOTE
r-devel-linux-x86_64-debian-gcc 0.2.1 43.48 91.20 134.68 NOTE
r-devel-linux-x86_64-fedora-clang 0.2.1 242.18 NOTE
r-devel-linux-x86_64-fedora-gcc 0.2.1 233.97 NOTE
r-devel-windows-x86_64 0.2.1 45.00 125.00 170.00 NOTE
r-patched-linux-x86_64 0.2.1 50.89 119.24 170.13 NOTE
r-release-linux-x86_64 0.2.1 45.83 117.05 162.88 NOTE
r-release-macos-arm64 0.2.1 74.00 NOTE
r-release-macos-x86_64 0.2.1 113.00 NOTE
r-release-windows-x86_64 0.2.1 55.00 140.00 195.00 NOTE
r-oldrel-macos-arm64 0.2.1 96.00 OK
r-oldrel-macos-x86_64 0.2.1 147.00 OK
r-oldrel-windows-x86_64 0.2.1 53.00 132.00 185.00 OK

Check Details

Version: 0.2.1
Check: C++ specification
Result: NOTE
     Specified C++11: please drop specification unless essential
Flavors: r-devel-linux-x86_64-debian-clang, r-devel-linux-x86_64-debian-gcc, r-devel-linux-x86_64-fedora-clang, r-devel-linux-x86_64-fedora-gcc, r-devel-windows-x86_64, r-patched-linux-x86_64, r-release-linux-x86_64, r-release-macos-arm64, r-release-macos-x86_64, r-release-windows-x86_64