CRAN Package Check Results for Package mhurdle

Last updated on 2022-10-05 05:57:07 CEST.

Flavor Version Tinstall Tcheck Ttotal Status Flags
r-devel-linux-x86_64-debian-clang 1.3-0 14.88 141.74 156.62 NOTE
r-devel-linux-x86_64-debian-gcc 1.3-0 11.31 103.55 114.86 NOTE
r-devel-linux-x86_64-fedora-clang 1.3-0 200.77 NOTE
r-devel-linux-x86_64-fedora-gcc 1.3-0 188.59 NOTE
r-devel-windows-x86_64 1.3-0 28.00 172.00 200.00 NOTE
r-patched-linux-x86_64 1.3-0 14.59 130.67 145.26 OK
r-release-linux-x86_64 1.3-0 13.21 129.72 142.93 OK
r-release-macos-arm64 1.3-0 54.00 OK
r-release-macos-x86_64 1.3-0 75.00 OK
r-release-windows-x86_64 1.3-0 25.00 173.00 198.00 OK
r-oldrel-macos-arm64 1.3-0 59.00 OK
r-oldrel-macos-x86_64 1.3-0 68.00 OK
r-oldrel-windows-ix86+x86_64 1.3-0 31.00 221.00 252.00 OK

Check Details

Version: 1.3-0
Check: package subdirectories
Result: NOTE
    Problems with news in 'NEWS.md':
    No news entries found.
Flavors: r-devel-linux-x86_64-debian-clang, r-devel-linux-x86_64-debian-gcc, r-devel-linux-x86_64-fedora-clang, r-devel-linux-x86_64-fedora-gcc, r-devel-windows-x86_64