CRAN Package Check Results for Package microsamplingDesign

Last updated on 2021-10-16 02:49:35 CEST.

Flavor Version Tinstall Tcheck Ttotal Status Flags
r-devel-linux-x86_64-debian-clang 1.0.7 38.25 296.89 335.14 OK
r-devel-linux-x86_64-debian-gcc 1.0.8 29.48 205.40 234.88 OK
r-devel-linux-x86_64-fedora-clang 1.0.8 428.28 OK
r-devel-linux-x86_64-fedora-gcc 1.0.8 398.88 OK
r-devel-windows-x86_64 1.0.8 58.00 366.00 424.00 OK
r-devel-windows-x86_64-gcc10-UCRT 1.0.7 OK
r-patched-linux-x86_64 1.0.8 34.15 277.70 311.85 OK
r-patched-solaris-x86 1.0.8 252.20 OK
r-release-linux-x86_64 1.0.7 34.55 277.89 312.44 OK
r-release-macos-arm64 1.0.7 OK
r-release-macos-x86_64 1.0.8 OK
r-release-windows-ix86+x86_64 1.0.8 69.00 7.00 76.00 ERROR
r-oldrel-macos-x86_64 1.0.8 OK
r-oldrel-windows-ix86+x86_64 1.0.7 105.00 439.00 544.00 OK

Check Details

Version: 1.0.8
Check: whether package can be installed
Result: ERROR
    Installation failed.
Flavor: r-release-windows-ix86+x86_64