Last updated on 2021-01-24 02:50:19 CET.
Flavor | Version | Tinstall | Tcheck | Ttotal | Status | Flags |
---|---|---|---|---|---|---|
r-devel-linux-x86_64-debian-clang | 1.4.1 | 25.20 | 329.93 | 355.13 | OK | |
r-devel-linux-x86_64-debian-gcc | 1.4.1 | 17.35 | 239.91 | 257.26 | OK | |
r-devel-linux-x86_64-fedora-clang | 1.4.1 | 431.82 | NOTE | |||
r-devel-linux-x86_64-fedora-gcc | 1.4.1 | 430.83 | NOTE | |||
r-devel-windows-ix86+x86_64 | 1.4.1 | 42.00 | 284.00 | 326.00 | OK | |
r-patched-linux-x86_64 | 1.4.1 | 15.80 | 305.34 | 321.14 | OK | |
r-patched-solaris-x86 | 1.4.1 | 578.50 | NOTE | |||
r-release-linux-x86_64 | 1.4.1 | 19.24 | 315.66 | 334.90 | OK | |
r-release-macos-x86_64 | 1.4.1 | NOTE | ||||
r-release-windows-ix86+x86_64 | 1.4.1 | 43.00 | 378.00 | 421.00 | OK | |
r-oldrel-macos-x86_64 | 1.4.1 | NOTE | ||||
r-oldrel-windows-ix86+x86_64 | 1.4.1 | 31.00 | 305.00 | 336.00 | OK |
Version: 1.4.1
Check: dependencies in R code
Result: NOTE
Namespace in Imports field not imported from: ‘mcmcr’
All declared Imports should be used.
Flavors: r-devel-linux-x86_64-fedora-clang, r-devel-linux-x86_64-fedora-gcc, r-patched-solaris-x86, r-release-macos-x86_64, r-oldrel-macos-x86_64