Last updated on 2023-03-29 02:55:31 CEST.
Flavor | Version | Tinstall | Tcheck | Ttotal | Status | Flags |
---|---|---|---|---|---|---|
r-devel-linux-x86_64-debian-clang | 2.4 | 3.00 | 36.80 | 39.80 | OK | |
r-devel-linux-x86_64-debian-gcc | 2.4 | 2.45 | 28.87 | 31.32 | OK | |
r-devel-linux-x86_64-fedora-clang | 2.4 | 51.30 | OK | |||
r-devel-linux-x86_64-fedora-gcc | 2.4 | 60.69 | OK | |||
r-devel-windows-x86_64 | 2.4 | 25.00 | 0.00 | 25.00 | OK | |
r-patched-linux-x86_64 | 2.4 | 3.42 | 36.03 | 39.45 | OK | |
r-release-linux-x86_64 | 2.4 | 2.62 | 38.21 | 40.83 | OK | |
r-release-macos-arm64 | 2.4 | 21.00 | OK | |||
r-release-macos-x86_64 | 2.4 | 33.00 | OK | |||
r-release-windows-x86_64 | 2.4 | 19.00 | 78.00 | 97.00 | OK | |
r-oldrel-macos-arm64 | 2.4 | 26.00 | NOTE | |||
r-oldrel-macos-x86_64 | 2.4 | 42.00 | OK | |||
r-oldrel-windows-ix86+x86_64 | 2.4 | 7.00 | 67.00 | 74.00 | OK |
Version: 2.4
Check: package dependencies
Result: NOTE
Package suggested but not available for checking: ‘RODBC’
Flavor: r-oldrel-macos-arm64