CRAN Package Check Results for Package mixAK

Last updated on 2020-07-03 02:47:06 CEST.

Flavor Version Tinstall Tcheck Ttotal Status Flags
r-devel-linux-x86_64-debian-clang 5.3 77.47 162.61 240.08 OK
r-devel-linux-x86_64-debian-gcc 5.3 53.00 123.45 176.45 OK
r-devel-linux-x86_64-fedora-clang 5.3 325.37 NOTE
r-devel-linux-x86_64-fedora-gcc 5.3 287.11 OK
r-devel-windows-ix86+x86_64 5.3 205.00 193.00 398.00 OK
r-patched-linux-x86_64 5.3 61.72 161.57 223.29 OK
r-patched-solaris-x86 5.3 438.40 OK
r-release-linux-x86_64 5.3 61.15 161.82 222.97 OK
r-release-windows-ix86+x86_64 5.3 165.00 221.00 386.00 OK
r-oldrel-windows-ix86+x86_64 5.3 175.00 246.00 421.00 OK

Check Details

Version: 5.3
Check: Rd cross-references
Result: NOTE
    Undeclared package ‘mvtnorm’ in Rd xrefs
Flavor: r-devel-linux-x86_64-fedora-clang