CRAN Package Check Results for Package mixedMem

Last updated on 2022-10-04 02:54:45 CEST.

Flavor Version Tinstall Tcheck Ttotal Status Flags
r-devel-linux-x86_64-debian-clang 1.1.2 164.37 88.85 253.22 OK
r-devel-linux-x86_64-debian-gcc 1.1.2 134.67 65.63 200.30 OK
r-devel-linux-x86_64-fedora-clang 1.1.2 399.94 OK
r-devel-linux-x86_64-fedora-gcc 1.1.2 343.08 OK
r-devel-windows-x86_64 1.1.2 138.00 152.00 290.00 OK
r-patched-linux-x86_64 1.1.2 140.16 80.07 220.23 OK
r-release-linux-x86_64 1.1.2 158.99 77.52 236.51 OK
r-release-macos-arm64 1.1.2 82.00 NOTE
r-release-macos-x86_64 1.1.2 109.00 OK
r-release-windows-x86_64 1.1.2 142.00 150.00 292.00 OK
r-oldrel-macos-arm64 1.1.2 99.00 NOTE
r-oldrel-macos-x86_64 1.1.2 152.00 OK
r-oldrel-windows-ix86+x86_64 1.1.2 436.00 157.00 593.00 OK

Check Details

Version: 1.1.2
Check: installed package size
Result: NOTE
     installed size is 5.9Mb
     sub-directories of 1Mb or more:
     libs 5.4Mb
Flavors: r-release-macos-arm64, r-oldrel-macos-arm64