CRAN Package Check Results for Package mmpca

Last updated on 2021-04-16 02:47:28 CEST.

Flavor Version Tinstall Tcheck Ttotal Status Flags
r-devel-linux-x86_64-debian-clang 2.0.1 35.25 34.95 70.20 NOTE
r-devel-linux-x86_64-debian-gcc 2.0.1 26.07 26.24 52.31 NOTE
r-devel-linux-x86_64-fedora-clang 2.0.1 98.82 NOTE
r-devel-linux-x86_64-fedora-gcc 2.0.1 85.71 NOTE
r-devel-windows-ix86+x86_64 2.0.1 67.00 4.00 71.00 ERROR
r-devel-windows-x86_64-gcc10-UCRT 2.0.1 NOTE
r-patched-linux-x86_64 2.0.1 27.38 31.75 59.13 OK
r-patched-solaris-x86 2.0.1 145.20 OK
r-release-linux-x86_64 2.0.1 30.13 33.49 63.62 OK
r-release-macos-x86_64 2.0.1 NOTE
r-release-windows-ix86+x86_64 2.0.1 53.00 97.00 150.00 OK
r-oldrel-macos-x86_64 2.0.1 NOTE
r-oldrel-windows-ix86+x86_64 2.0.1 57.00 59.00 116.00 OK

Check Details

Version: 2.0.1
Check: LazyData
Result: NOTE
     'LazyData' is specified without a 'data' directory
Flavors: r-devel-linux-x86_64-debian-clang, r-devel-linux-x86_64-debian-gcc, r-devel-linux-x86_64-fedora-clang, r-devel-linux-x86_64-fedora-gcc, r-devel-windows-x86_64-gcc10-UCRT

Version: 2.0.1
Check: installed package size
Result: NOTE
     installed size is 15.0Mb
     sub-directories of 1Mb or more:
     libs 14.9Mb
Flavors: r-devel-linux-x86_64-fedora-clang, r-release-macos-x86_64, r-oldrel-macos-x86_64

Version: 2.0.1
Check: whether package can be installed
Result: ERROR
    Installation failed.
Flavor: r-devel-windows-ix86+x86_64