CRAN Package Check Results for Package modeltime.resample

Last updated on 2022-08-10 04:54:05 CEST.

Flavor Version Tinstall Tcheck Ttotal Status Flags
r-devel-linux-x86_64-debian-clang 0.2.1 40.68 421.63 462.31 OK
r-devel-linux-x86_64-debian-gcc 0.2.1 33.65 305.25 338.90 OK
r-devel-linux-x86_64-fedora-clang 0.2.1 536.40 NOTE
r-devel-linux-x86_64-fedora-gcc 0.2.1 563.26 NOTE
r-devel-windows-x86_64 0.2.1 133.00 407.00 540.00 OK
r-patched-linux-x86_64 0.2.1 35.84 390.09 425.93 OK
r-release-linux-x86_64 0.2.1 OK
r-release-macos-arm64 0.2.1 147.00 NOTE
r-release-macos-x86_64 0.2.1 186.00 NOTE
r-release-windows-x86_64 0.2.1 114.00 413.00 527.00 OK
r-oldrel-macos-arm64 0.2.1 160.00 NOTE
r-oldrel-macos-x86_64 0.2.1 176.00 NOTE
r-oldrel-windows-ix86+x86_64 0.2.1 82.00 466.00 548.00 OK

Check Details

Version: 0.2.1
Check: package dependencies
Result: NOTE
    Imports includes 24 non-default packages.
    Importing from so many packages makes the package vulnerable to any of
    them becoming unavailable. Move as many as possible to Suggests and
    use conditionally.
Flavor: r-devel-linux-x86_64-fedora-clang

Version: 0.2.1
Check: dependencies in R code
Result: NOTE
    Namespaces in Imports field not imported from:
     ‘crayon’ ‘dials’ ‘glue’ ‘parsnip’
     All declared Imports should be used.
Flavors: r-devel-linux-x86_64-fedora-clang, r-devel-linux-x86_64-fedora-gcc, r-release-macos-arm64, r-release-macos-x86_64, r-oldrel-macos-arm64, r-oldrel-macos-x86_64