CRAN Package Check Results for Package mojson

Last updated on 2023-02-09 02:53:18 CET.

Flavor Version Tinstall Tcheck Ttotal Status Flags
r-devel-linux-x86_64-debian-clang 0.1 6.62 48.03 54.65 NOTE
r-devel-linux-x86_64-debian-gcc 0.1 5.00 36.01 41.01 NOTE
r-devel-linux-x86_64-fedora-clang 0.1 69.95 NOTE
r-devel-linux-x86_64-fedora-gcc 0.1 74.43 NOTE
r-devel-windows-x86_64 0.1 14.00 76.00 90.00 NOTE
r-patched-linux-x86_64 0.1 5.27 46.75 52.02 NOTE
r-release-linux-x86_64 0.1 5.13 54.58 59.71 NOTE
r-release-macos-arm64 0.1 28.00 NOTE
r-release-macos-x86_64 0.1 54.00 NOTE
r-release-windows-x86_64 0.1 10.00 110.00 120.00 NOTE
r-oldrel-macos-arm64 0.1 36.00 NOTE
r-oldrel-macos-x86_64 0.1 57.00 NOTE
r-oldrel-windows-ix86+x86_64 0.1 134.00 71.00 205.00 NOTE

Check Details

Version: 0.1
Check: LazyData
Result: NOTE
     'LazyData' is specified without a 'data' directory
Flavors: r-devel-linux-x86_64-debian-clang, r-devel-linux-x86_64-debian-gcc, r-devel-linux-x86_64-fedora-clang, r-devel-linux-x86_64-fedora-gcc, r-devel-windows-x86_64, r-patched-linux-x86_64, r-release-linux-x86_64, r-release-macos-arm64, r-release-macos-x86_64, r-release-windows-x86_64, r-oldrel-macos-arm64, r-oldrel-macos-x86_64, r-oldrel-windows-ix86+x86_64