CRAN Package Check Results for Package monkeylearn

Last updated on 2020-06-01 02:48:11 CEST.

Flavor Version Tinstall Tcheck Ttotal Status Flags
r-devel-linux-x86_64-debian-clang 0.2.0 2.86 25.18 28.04 OK
r-devel-linux-x86_64-debian-gcc 0.2.0 2.32 20.29 22.61 OK
r-devel-linux-x86_64-fedora-clang 0.2.0 42.82 NOTE
r-devel-linux-x86_64-fedora-gcc 0.2.0 33.84 NOTE
r-devel-windows-ix86+x86_64 0.2.0 10.00 49.00 59.00 OK
r-patched-linux-x86_64 0.2.0 3.00 25.83 28.83 OK
r-patched-solaris-x86 0.2.0 56.90 NOTE
r-release-linux-x86_64 0.2.0 2.82 25.98 28.80 OK
r-release-osx-x86_64 0.2.0 NOTE
r-release-windows-ix86+x86_64 0.2.0 8.00 89.00 97.00 OK
r-oldrel-osx-x86_64 0.2.0 NOTE
r-oldrel-windows-ix86+x86_64 0.2.0 6.00 37.00 43.00 OK

Check Details

Version: 0.2.0
Check: dependencies in R code
Result: NOTE
    Namespace in Imports field not imported from: ‘ratelimitr’
     All declared Imports should be used.
Flavors: r-devel-linux-x86_64-fedora-clang, r-devel-linux-x86_64-fedora-gcc, r-patched-solaris-x86, r-release-osx-x86_64, r-oldrel-osx-x86_64