CRAN Package Check Results for Package mosaic

Last updated on 2020-11-27 02:47:10 CET.

Flavor Version Tinstall Tcheck Ttotal Status Flags
r-devel-linux-x86_64-debian-clang 1.8.2 26.10 465.01 491.11 OK
r-devel-linux-x86_64-debian-gcc 1.8.2 26.51 337.49 364.00 OK
r-devel-linux-x86_64-fedora-clang 1.8.2 569.98 NOTE
r-devel-linux-x86_64-fedora-gcc 1.8.2 583.09 NOTE
r-devel-windows-ix86+x86_64 1.8.2 51.00 525.00 576.00 OK
r-patched-linux-x86_64 1.8.2 26.42 468.57 494.99 OK
r-patched-solaris-x86 1.8.2 736.10 NOTE
r-release-linux-x86_64 1.8.2 30.40 453.51 483.91 OK
r-release-macos-x86_64 1.8.2 NOTE
r-release-windows-ix86+x86_64 1.8.2 57.00 565.00 622.00 OK
r-oldrel-macos-x86_64 1.8.2 NOTE
r-oldrel-windows-ix86+x86_64 1.8.2 40.00 586.00 626.00 OK

Check Details

Version: 1.8.2
Check: dependencies in R code
Result: NOTE
    Namespaces in Imports field not imported from:
     ‘ggridges’ ‘ggstance’
     All declared Imports should be used.
Flavors: r-devel-linux-x86_64-fedora-clang, r-devel-linux-x86_64-fedora-gcc, r-patched-solaris-x86, r-release-macos-x86_64, r-oldrel-macos-x86_64

Version: 1.8.2
Check: Rd cross-references
Result: NOTE
    Undeclared package ‘cubature’ in Rd xrefs
Flavor: r-devel-linux-x86_64-fedora-clang