CRAN Package Check Results for Package multcompView

Last updated on 2022-11-30 01:54:19 CET.

Flavor Version Tinstall Tcheck Ttotal Status Flags
r-devel-linux-x86_64-debian-clang 0.1-8 3.06 45.39 48.45 NOTE
r-devel-linux-x86_64-debian-gcc 0.1-8 2.12 34.20 36.32 NOTE
r-devel-linux-x86_64-fedora-clang 0.1-8 72.44 NOTE
r-devel-linux-x86_64-fedora-gcc 0.1-8 69.42 NOTE
r-devel-windows-x86_64 0.1-8 43.00 82.00 125.00 NOTE
r-patched-linux-x86_64 0.1-8 3.57 39.73 43.30 OK
r-release-linux-x86_64 0.1-8 2.56 41.67 44.23 OK
r-release-macos-arm64 0.1-8 30.00 OK
r-release-macos-x86_64 0.1-8 38.00 OK
r-release-windows-x86_64 0.1-8 20.00 76.00 96.00 OK
r-oldrel-macos-arm64 0.1-8 27.00 OK
r-oldrel-macos-x86_64 0.1-8 47.00 OK
r-oldrel-windows-ix86+x86_64 0.1-8 8.00 69.00 77.00 OK

Check Details

Version: 0.1-8
Check: Rd files
Result: NOTE
    checkRd: (-1) print.multcompLetters.Rd:20: Escaped LaTeX specials: \$
Flavors: r-devel-linux-x86_64-debian-clang, r-devel-linux-x86_64-debian-gcc, r-devel-linux-x86_64-fedora-clang, r-devel-linux-x86_64-fedora-gcc, r-devel-windows-x86_64