CRAN Package Check Results for Package multinma

Last updated on 2023-03-20 02:52:03 CET.

Flavor Version Tinstall Tcheck Ttotal Status Flags
r-devel-linux-x86_64-debian-clang 0.5.0 NOTE
r-devel-linux-x86_64-debian-gcc 0.5.0 820.93 422.16 1243.09 ERROR
r-devel-linux-x86_64-fedora-clang 0.5.0 1732.77 NOTE
r-devel-linux-x86_64-fedora-gcc 0.5.0 1665.50 NOTE
r-patched-linux-x86_64 0.5.0 802.48 525.87 1328.35 NOTE
r-release-linux-x86_64 0.5.0 631.22 520.10 1151.32 NOTE
r-release-macos-arm64 0.5.0 306.00 NOTE
r-release-macos-x86_64 0.5.0 624.00 NOTE
r-release-windows-x86_64 0.5.0 607.00 641.00 1248.00 NOTE
r-oldrel-macos-arm64 0.5.0 297.00 NOTE
r-oldrel-macos-x86_64 0.5.0 625.00 NOTE
r-oldrel-windows-ix86+x86_64 0.5.0 1910.00 1067.00 2977.00 NOTE

Check Details

Version: 0.5.0
Check: for GNU extensions in Makefiles
Result: NOTE
    GNU make is a SystemRequirements.
Flavors: r-devel-linux-x86_64-debian-clang, r-devel-linux-x86_64-debian-gcc, r-devel-linux-x86_64-fedora-clang, r-devel-linux-x86_64-fedora-gcc, r-patched-linux-x86_64, r-release-linux-x86_64, r-release-macos-arm64, r-release-macos-x86_64, r-release-windows-x86_64, r-oldrel-macos-arm64, r-oldrel-macos-x86_64, r-oldrel-windows-ix86+x86_64

Version: 0.5.0
Check: tests
Result: ERROR
     Running ‘testthat.R’ [210s/310s]
    Running the tests in ‘tests/testthat.R’ failed.
    Complete output:
     > library(testthat)
     > library(multinma)
     For execution on a local, multicore CPU with excess RAM we recommend calling
     options(mc.cores = parallel::detectCores())
    
     Attaching package: 'multinma'
    
     The following objects are masked from 'package:stats':
    
     dgamma, pgamma, qgamma
    
     >
     > nowarn_on_ci <- function(expr, ...) {
     + if (isTRUE(as.logical(Sys.getenv("CI")))) {
     + suppressWarnings(expr, ...)
     + } else {
     + expr
     + }
     + }
     >
     > test_check("multinma")
    
     TESTING GRADIENT FOR MODEL 'binomial_1par' NOW (CHAIN 1).
    
     TESTING GRADIENT FOR MODEL 'binomial_1par' NOW (CHAIN 2).
    
     TESTING GRADIENT FOR MODEL 'binomial_1par' NOW (CHAIN 3).
    
     TESTING GRADIENT FOR MODEL 'binomial_1par' NOW (CHAIN 4).
    
     TESTING GRADIENT FOR MODEL 'binomial_1par' NOW (CHAIN 1).
    
     TESTING GRADIENT FOR MODEL 'binomial_1par' NOW (CHAIN 2).
    
     TESTING GRADIENT FOR MODEL 'binomial_1par' NOW (CHAIN 3).
    
     TESTING GRADIENT FOR MODEL 'binomial_1par' NOW (CHAIN 4).
    
     TESTING GRADIENT FOR MODEL 'binomial_1par' NOW (CHAIN 1).
    
     TESTING GRADIENT FOR MODEL 'binomial_1par' NOW (CHAIN 2).
    
     TESTING GRADIENT FOR MODEL 'binomial_1par' NOW (CHAIN 3).
    
     TESTING GRADIENT FOR MODEL 'binomial_1par' NOW (CHAIN 4).
    
     TESTING GRADIENT FOR MODEL 'binomial_1par' NOW (CHAIN 1).
    
     TESTING GRADIENT FOR MODEL 'binomial_1par' NOW (CHAIN 2).
    
     TESTING GRADIENT FOR MODEL 'binomial_1par' NOW (CHAIN 3).
    
     TESTING GRADIENT FOR MODEL 'binomial_1par' NOW (CHAIN 4).
    
     TESTING GRADIENT FOR MODEL 'binomial_1par' NOW (CHAIN 1).
    
     TESTING GRADIENT FOR MODEL 'binomial_1par' NOW (CHAIN 2).
    
     TESTING GRADIENT FOR MODEL 'binomial_1par' NOW (CHAIN 3).
    
     TESTING GRADIENT FOR MODEL 'binomial_1par' NOW (CHAIN 4).
    
     TESTING GRADIENT FOR MODEL 'binomial_1par' NOW (CHAIN 1).
    
     TESTING GRADIENT FOR MODEL 'binomial_1par' NOW (CHAIN 2).
    
     TESTING GRADIENT FOR MODEL 'binomial_1par' NOW (CHAIN 3).
    
     TESTING GRADIENT FOR MODEL 'binomial_1par' NOW (CHAIN 4).
    
     TESTING GRADIENT FOR MODEL 'binomial_1par' NOW (CHAIN 1).
    
     TESTING GRADIENT FOR MODEL 'binomial_1par' NOW (CHAIN 2).
    
     TESTING GRADIENT FOR MODEL 'binomial_1par' NOW (CHAIN 3).
    
     TESTING GRADIENT FOR MODEL 'binomial_1par' NOW (CHAIN 4).
    
     TESTING GRADIENT FOR MODEL 'binomial_1par' NOW (CHAIN 1).
    
     TESTING GRADIENT FOR MODEL 'binomial_1par' NOW (CHAIN 2).
    
     TESTING GRADIENT FOR MODEL 'binomial_1par' NOW (CHAIN 3).
    
     TESTING GRADIENT FOR MODEL 'binomial_1par' NOW (CHAIN 4).
    
     TESTING GRADIENT FOR MODEL 'binomial_1par' NOW (CHAIN 1).
    
     TESTING GRADIENT FOR MODEL 'binomial_1par' NOW (CHAIN 2).
    
     TESTING GRADIENT FOR MODEL 'binomial_1par' NOW (CHAIN 3).
    
     TESTING GRADIENT FOR MODEL 'binomial_1par' NOW (CHAIN 4).
    
     TESTING GRADIENT FOR MODEL 'normal' NOW (CHAIN 1).
    
     TESTING GRADIENT FOR MODEL 'normal' NOW (CHAIN 2).
    
     TESTING GRADIENT FOR MODEL 'normal' NOW (CHAIN 3).
    
     TESTING GRADIENT FOR MODEL 'normal' NOW (CHAIN 4).
    
     TESTING GRADIENT FOR MODEL 'normal' NOW (CHAIN 1).
    
     TESTING GRADIENT FOR MODEL 'normal' NOW (CHAIN 2).
    
     TESTING GRADIENT FOR MODEL 'normal' NOW (CHAIN 3).
    
     TESTING GRADIENT FOR MODEL 'normal' NOW (CHAIN 4).
    
     TESTING GRADIENT FOR MODEL 'normal' NOW (CHAIN 1).
    
     TESTING GRADIENT FOR MODEL 'normal' NOW (CHAIN 2).
    
     TESTING GRADIENT FOR MODEL 'normal' NOW (CHAIN 3).
    
     TESTING GRADIENT FOR MODEL 'normal' NOW (CHAIN 4).
    
     TESTING GRADIENT FOR MODEL 'normal' NOW (CHAIN 1).
    
     TESTING GRADIENT FOR MODEL 'normal' NOW (CHAIN 2).
    
     TESTING GRADIENT FOR MODEL 'normal' NOW (CHAIN 3).
    
     TESTING GRADIENT FOR MODEL 'normal' NOW (CHAIN 4).
    
     TESTING GRADIENT FOR MODEL 'normal' NOW (CHAIN 1).
    
     TESTING GRADIENT FOR MODEL 'normal' NOW (CHAIN 2).
    
     TESTING GRADIENT FOR MODEL 'normal' NOW (CHAIN 3).
    
     TESTING GRADIENT FOR MODEL 'normal' NOW (CHAIN 4).
    
     TESTING GRADIENT FOR MODEL 'normal' NOW (CHAIN 1).
    
     TESTING GRADIENT FOR MODEL 'normal' NOW (CHAIN 2).
    
     TESTING GRADIENT FOR MODEL 'normal' NOW (CHAIN 3).
    
     TESTING GRADIENT FOR MODEL 'normal' NOW (CHAIN 4).
    
     TESTING GRADIENT FOR MODEL 'normal' NOW (CHAIN 1).
    
     TESTING GRADIENT FOR MODEL 'normal' NOW (CHAIN 2).
    
     TESTING GRADIENT FOR MODEL 'normal' NOW (CHAIN 3).
    
     TESTING GRADIENT FOR MODEL 'normal' NOW (CHAIN 4).
    
     TESTING GRADIENT FOR MODEL 'normal' NOW (CHAIN 1).
    
     TESTING GRADIENT FOR MODEL 'normal' NOW (CHAIN 2).
    
     TESTING GRADIENT FOR MODEL 'normal' NOW (CHAIN 3).
    
     TESTING GRADIENT FOR MODEL 'normal' NOW (CHAIN 4).
    
     TESTING GRADIENT FOR MODEL 'normal' NOW (CHAIN 1).
    
     TESTING GRADIENT FOR MODEL 'normal' NOW (CHAIN 2).
    
     TESTING GRADIENT FOR MODEL 'normal' NOW (CHAIN 3).
    
     TESTING GRADIENT FOR MODEL 'normal' NOW (CHAIN 4).
    
     TESTING GRADIENT FOR MODEL 'binomial_1par' NOW (CHAIN 1).
    
     TESTING GRADIENT FOR MODEL 'binomial_1par' NOW (CHAIN 2).
    
     TESTING GRADIENT FOR MODEL 'binomial_1par' NOW (CHAIN 3).
    
     TESTING GRADIENT FOR MODEL 'binomial_1par' NOW (CHAIN 4).
    
     TESTING GRADIENT FOR MODEL 'binomial_1par' NOW (CHAIN 1).
    
     TESTING GRADIENT FOR MODEL 'binomial_1par' NOW (CHAIN 2).
    
     TESTING GRADIENT FOR MODEL 'binomial_1par' NOW (CHAIN 3).
    
     TESTING GRADIENT FOR MODEL 'binomial_1par' NOW (CHAIN 4).
    
     TESTING GRADIENT FOR MODEL 'binomial_1par' NOW (CHAIN 1).
    
     TESTING GRADIENT FOR MODEL 'binomial_1par' NOW (CHAIN 2).
    
     TESTING GRADIENT FOR MODEL 'binomial_1par' NOW (CHAIN 3).
    
     TESTING GRADIENT FOR MODEL 'binomial_1par' NOW (CHAIN 4).
    
     TESTING GRADIENT FOR MODEL 'binomial_1par' NOW (CHAIN 1).
    
     TESTING GRADIENT FOR MODEL 'binomial_1par' NOW (CHAIN 2).
    
     TESTING GRADIENT FOR MODEL 'binomial_1par' NOW (CHAIN 3).
    
     TESTING GRADIENT FOR MODEL 'binomial_1par' NOW (CHAIN 4).
    
     TESTING GRADIENT FOR MODEL 'binomial_1par' NOW (CHAIN 1).
    
     TESTING GRADIENT FOR MODEL 'binomial_1par' NOW (CHAIN 2).
    
     TESTING GRADIENT FOR MODEL 'binomial_1par' NOW (CHAIN 3).
    
     TESTING GRADIENT FOR MODEL 'binomial_1par' NOW (CHAIN 4).
    
     TESTING GRADIENT FOR MODEL 'binomial_1par' NOW (CHAIN 1).
    
     TESTING GRADIENT FOR MODEL 'binomial_1par' NOW (CHAIN 2).
    
     TESTING GRADIENT FOR MODEL 'binomial_1par' NOW (CHAIN 3).
    
     TESTING GRADIENT FOR MODEL 'binomial_1par' NOW (CHAIN 4).
    
     TESTING GRADIENT FOR MODEL 'binomial_1par' NOW (CHAIN 1).
    
     TESTING GRADIENT FOR MODEL 'binomial_1par' NOW (CHAIN 2).
    
     TESTING GRADIENT FOR MODEL 'binomial_1par' NOW (CHAIN 3).
    
     TESTING GRADIENT FOR MODEL 'binomial_1par' NOW (CHAIN 4).
     [ FAIL 1 | WARN 8 | SKIP 18 | PASS 916 ]
    
     ══ Skipped tests ═══════════════════════════════════════════════════════════════
     • On CRAN (18)
    
     ══ Failed tests ════════════════════════════════════════════════════════════════
     ── Error ('test-add_integration.R:189:3'): warning if missing covariate values when calculating correlations from IPD ──
     Error in `vectbl_assign(x[[j]], i, recycled_value[[j]])`: DLL requires the use of native symbols
     Backtrace:
     ▆
     1. ├─base::`[<-`(`*tmp*`, 5, "x1", value = `<lgl>`) at test-add_integration.R:189:2
     2. └─tibble:::`[<-.tbl_df`(`*tmp*`, 5, "x1", value = `<lgl>`) at test-add_integration.R:189:2
     3. └─tibble:::tbl_subassign(x, i, j, value, i_arg, j_arg, substitute(value))
     4. └─tibble:::tbl_subassign_row(xj, i, value, i_arg, value_arg, call)
     5. ├─base::withCallingHandlers(...)
     6. └─tibble:::vectbl_assign(x[[j]], i, recycled_value[[j]])
    
     [ FAIL 1 | WARN 8 | SKIP 18 | PASS 916 ]
     Error: Test failures
     Execution halted
Flavor: r-devel-linux-x86_64-debian-gcc

Version: 0.5.0
Check: package dependencies
Result: NOTE
    Imports includes 22 non-default packages.
    Importing from so many packages makes the package vulnerable to any of
    them becoming unavailable. Move as many as possible to Suggests and
    use conditionally.
Flavor: r-devel-linux-x86_64-fedora-clang

Version: 0.5.0
Check: installed package size
Result: NOTE
     installed size is 14.8Mb
     sub-directories of 1Mb or more:
     doc 4.1Mb
     libs 9.3Mb
Flavors: r-devel-linux-x86_64-fedora-clang, r-release-macos-arm64, r-release-macos-x86_64, r-release-windows-x86_64, r-oldrel-macos-arm64, r-oldrel-macos-x86_64, r-oldrel-windows-ix86+x86_64