CRAN Package Check Results for Package mumm

Last updated on 2020-11-29 02:46:41 CET.

Flavor Version Tinstall Tcheck Ttotal Status Flags
r-devel-linux-x86_64-debian-clang 0.2.1 142.49 75.68 218.17 OK
r-devel-linux-x86_64-debian-gcc 0.2.1 177.91 58.33 236.24 OK
r-devel-linux-x86_64-fedora-clang 0.2.1 257.63 NOTE
r-devel-linux-x86_64-fedora-gcc 0.2.1 245.49 OK
r-devel-windows-ix86+x86_64 0.2.1 196.00 101.00 297.00 NOTE
r-patched-linux-x86_64 0.2.1 257.76 74.26 332.02 OK
r-patched-solaris-x86 0.2.1 242.40 OK
r-release-linux-x86_64 0.2.1 188.54 74.80 263.34 OK
r-release-macos-x86_64 0.2.1 NOTE
r-release-windows-ix86+x86_64 0.2.1 146.00 107.00 253.00 NOTE
r-oldrel-macos-x86_64 0.2.1 NOTE
r-oldrel-windows-ix86+x86_64 0.2.1 188.00 122.00 310.00 NOTE

Check Details

Version: 0.2.1
Check: installed package size
Result: NOTE
     installed size is 28.4Mb
     sub-directories of 1Mb or more:
     libs 28.3Mb
Flavors: r-devel-linux-x86_64-fedora-clang, r-devel-windows-ix86+x86_64, r-release-macos-x86_64, r-release-windows-ix86+x86_64, r-oldrel-macos-x86_64, r-oldrel-windows-ix86+x86_64