CRAN Package Check Results for Package mvProbit

Last updated on 2022-10-04 02:54:45 CEST.

Flavor Version Tinstall Tcheck Ttotal Status Flags
r-devel-linux-x86_64-debian-clang 0.1-10 2.85 211.39 214.24 OK
r-devel-linux-x86_64-debian-gcc 0.1-10 3.77 156.69 160.46 OK
r-devel-linux-x86_64-fedora-clang 0.1-10 268.85 NOTE
r-devel-linux-x86_64-fedora-gcc 0.1-10 284.98 OK
r-devel-windows-x86_64 0.1-10 13.00 263.00 276.00 OK
r-patched-linux-x86_64 0.1-10 4.00 202.71 206.71 OK
r-release-linux-x86_64 0.1-10 4.87 206.19 211.06 OK
r-release-macos-arm64 0.1-10 69.00 OK
r-release-macos-x86_64 0.1-10 94.00 OK
r-release-windows-x86_64 0.1-10 17.00 258.00 275.00 OK
r-oldrel-macos-arm64 0.1-10 89.00 OK
r-oldrel-macos-x86_64 0.1-10 140.00 OK
r-oldrel-windows-ix86+x86_64 0.1-10 9.00 274.00 283.00 OK

Check Details

Version: 0.1-10
Check: Rd cross-references
Result: NOTE
    Undeclared package ‘sampleSelection’ in Rd xrefs
Flavor: r-devel-linux-x86_64-fedora-clang