CRAN Package Check Results for Package netjack

Last updated on 2020-11-27 02:47:11 CET.

Flavor Version Tinstall Tcheck Ttotal Status Flags
r-devel-linux-x86_64-debian-clang 1.2.0 3.87 54.83 58.70 OK
r-devel-linux-x86_64-debian-gcc 1.2.0 4.72 43.86 48.58 OK
r-devel-linux-x86_64-fedora-clang 1.2.0 78.40 NOTE
r-devel-linux-x86_64-fedora-gcc 1.2.0 71.90 NOTE
r-devel-windows-ix86+x86_64 1.2.0 12.00 57.00 69.00 OK
r-patched-linux-x86_64 1.2.0 4.55 57.07 61.62 OK
r-patched-solaris-x86 1.2.0 101.50 NOTE
r-release-linux-x86_64 1.2.0 4.93 56.86 61.79 OK
r-release-macos-x86_64 1.2.0 NOTE
r-release-windows-ix86+x86_64 1.2.0 12.00 72.00 84.00 OK
r-oldrel-macos-x86_64 1.2.0 NOTE
r-oldrel-windows-ix86+x86_64 1.2.0 6.00 79.00 85.00 OK

Check Details

Version: 1.2.0
Check: dependencies in R code
Result: NOTE
    Namespace in Imports field not imported from: ‘Rdpack’
     All declared Imports should be used.
Flavors: r-devel-linux-x86_64-fedora-clang, r-devel-linux-x86_64-fedora-gcc, r-patched-solaris-x86, r-release-macos-x86_64, r-oldrel-macos-x86_64