CRAN Package Check Results for Package newsanchor

Last updated on 2020-11-28 02:49:02 CET.

Flavor Version Tinstall Tcheck Ttotal Status Flags
r-devel-linux-x86_64-debian-clang 0.1.1 5.35 43.89 49.24 OK
r-devel-linux-x86_64-debian-gcc 0.1.1 4.39 34.38 38.77 OK
r-devel-linux-x86_64-fedora-clang 0.1.1 64.42 NOTE
r-devel-linux-x86_64-fedora-gcc 0.1.1 54.37 NOTE
r-devel-windows-ix86+x86_64 0.1.1 11.00 45.00 56.00 OK
r-patched-linux-x86_64 0.1.1 4.63 44.65 49.28 OK
r-patched-solaris-x86 0.1.1 83.90 NOTE
r-release-linux-x86_64 0.1.1 5.73 46.44 52.17 OK
r-release-macos-x86_64 0.1.1 NOTE
r-release-windows-ix86+x86_64 0.1.1 13.00 61.00 74.00 OK
r-oldrel-macos-x86_64 0.1.1 NOTE
r-oldrel-windows-ix86+x86_64 0.1.1 8.00 52.00 60.00 OK

Check Details

Version: 0.1.1
Check: dependencies in R code
Result: NOTE
    Namespaces in Imports field not imported from:
     ‘devtools’ ‘xml2’
     All declared Imports should be used.
Flavors: r-devel-linux-x86_64-fedora-clang, r-devel-linux-x86_64-fedora-gcc, r-patched-solaris-x86, r-release-macos-x86_64, r-oldrel-macos-x86_64

Version: 0.1.1
Check: data for non-ASCII characters
Result: NOTE
     Note: found 318 marked UTF-8 strings
Flavors: r-devel-linux-x86_64-fedora-clang, r-devel-linux-x86_64-fedora-gcc, r-patched-solaris-x86, r-release-macos-x86_64, r-oldrel-macos-x86_64