CRAN Package Check Results for Package newsanchor

Last updated on 2022-08-08 03:55:48 CEST.

Flavor Version Tinstall Tcheck Ttotal Status Flags
r-devel-linux-x86_64-debian-clang 0.1.1 5.67 58.86 64.53 OK
r-devel-linux-x86_64-debian-gcc 0.1.1 4.02 44.33 48.35 OK
r-devel-linux-x86_64-fedora-clang 0.1.1 90.96 NOTE
r-devel-linux-x86_64-fedora-gcc 0.1.1 85.89 NOTE
r-devel-windows-x86_64 0.1.1 31.00 88.00 119.00 OK
r-patched-linux-x86_64 0.1.1 5.00 55.67 60.67 OK
r-release-linux-x86_64 0.1.1 OK
r-release-macos-arm64 0.1.1 25.00 NOTE
r-release-macos-x86_64 0.1.1 49.00 NOTE
r-release-windows-x86_64 0.1.1 30.00 82.00 112.00 OK
r-oldrel-macos-arm64 0.1.1 33.00 NOTE
r-oldrel-macos-x86_64 0.1.1 46.00 NOTE
r-oldrel-windows-ix86+x86_64 0.1.1 16.00 75.00 91.00 OK

Check Details

Version: 0.1.1
Check: dependencies in R code
Result: NOTE
    Namespaces in Imports field not imported from:
     ‘devtools’ ‘xml2’
     All declared Imports should be used.
Flavors: r-devel-linux-x86_64-fedora-clang, r-devel-linux-x86_64-fedora-gcc, r-release-macos-arm64, r-release-macos-x86_64, r-oldrel-macos-arm64, r-oldrel-macos-x86_64

Version: 0.1.1
Check: data for non-ASCII characters
Result: NOTE
     Note: found 318 marked UTF-8 strings
Flavors: r-devel-linux-x86_64-fedora-clang, r-devel-linux-x86_64-fedora-gcc, r-release-macos-arm64, r-release-macos-x86_64, r-oldrel-macos-arm64, r-oldrel-macos-x86_64