Last updated on 2023-06-07 02:59:21 CEST.
Flavor | Version | Tinstall | Tcheck | Ttotal | Status | Flags |
---|---|---|---|---|---|---|
r-devel-linux-x86_64-debian-clang | 0.8.0 | 33.16 | 86.57 | 119.73 | OK | |
r-devel-linux-x86_64-debian-gcc | 0.8.0 | 27.26 | 65.42 | 92.68 | OK | |
r-devel-linux-x86_64-fedora-clang | 0.8.0 | 160.05 | OK | |||
r-devel-linux-x86_64-fedora-gcc | 0.8.0 | 159.82 | OK | |||
r-devel-windows-x86_64 | 0.8.0 | 33.00 | 111.00 | 144.00 | OK | |
r-patched-linux-x86_64 | 0.8.0 | 33.34 | 82.40 | 115.74 | OK | |
r-release-linux-x86_64 | 0.8.0 | 32.11 | 82.83 | 114.94 | OK | |
r-release-macos-arm64 | 0.8.0 | 41.00 | NOTE | |||
r-release-macos-x86_64 | 0.8.0 | 70.00 | NOTE | |||
r-release-windows-x86_64 | 0.8.0 | 37.00 | 121.00 | 158.00 | OK | |
r-oldrel-macos-arm64 | 0.8.0 | 37.00 | NOTE | |||
r-oldrel-macos-x86_64 | 0.8.0 | 52.00 | NOTE | |||
r-oldrel-windows-x86_64 | 0.8.0 | 39.00 | 110.00 | 149.00 | OK |
Version: 0.8.0
Check: package dependencies
Result: NOTE
Package suggested but not available for checking: ‘Rmpi’
Flavors: r-release-macos-arm64, r-release-macos-x86_64, r-oldrel-macos-arm64, r-oldrel-macos-x86_64