CRAN Package Check Results for Package nycflights13

Last updated on 2020-08-03 02:48:37 CEST.

Flavor Version Tinstall Tcheck Ttotal Status Flags
r-devel-linux-x86_64-debian-clang 1.0.1 8.97 34.11 43.08 OK
r-devel-linux-x86_64-debian-gcc 1.0.1 10.27 26.77 37.04 OK
r-devel-linux-x86_64-fedora-clang 1.0.1 64.53 NOTE
r-devel-linux-x86_64-fedora-gcc 1.0.1 54.79 OK
r-devel-windows-ix86+x86_64 1.0.1 23.00 47.00 70.00 NOTE
r-patched-linux-x86_64 1.0.1 11.40 32.78 44.18 OK
r-patched-solaris-x86 1.0.1 90.60 NOTE
r-release-linux-x86_64 1.0.1 12.59 34.84 47.43 OK
r-release-macos-x86_64 1.0.1 NOTE
r-release-windows-ix86+x86_64 1.0.1 29.00 60.00 89.00 NOTE
r-oldrel-macos-x86_64 1.0.1 NOTE
r-oldrel-windows-ix86+x86_64 1.0.1 17.00 40.00 57.00 NOTE

Check Details

Version: 1.0.1
Check: installed package size
Result: NOTE
     installed size is 7.0Mb
     sub-directories of 1Mb or more:
     data 6.9Mb
Flavors: r-devel-linux-x86_64-fedora-clang, r-devel-windows-ix86+x86_64, r-patched-solaris-x86, r-release-macos-x86_64, r-release-windows-ix86+x86_64, r-oldrel-macos-x86_64, r-oldrel-windows-ix86+x86_64