CRAN Package Check Results for Package oRus

Last updated on 2020-12-02 02:52:00 CET.

Flavor Version Tinstall Tcheck Ttotal Status Flags
r-devel-linux-x86_64-debian-clang 1.0.0 19.82 136.42 156.24 OK
r-devel-linux-x86_64-debian-gcc 1.0.0 13.41 103.64 117.05 OK
r-devel-linux-x86_64-fedora-clang 1.0.0 186.24 NOTE
r-devel-linux-x86_64-fedora-gcc 1.0.0 174.51 NOTE
r-devel-windows-ix86+x86_64 1.0.0 30.00 107.00 137.00 OK
r-patched-linux-x86_64 1.0.0 14.90 125.36 140.26 OK
r-patched-solaris-x86 1.0.0 220.20 NOTE
r-release-linux-x86_64 1.0.0 15.95 128.08 144.03 OK
r-release-macos-x86_64 1.0.0 NOTE
r-release-windows-ix86+x86_64 1.0.0 27.00 101.00 128.00 OK
r-oldrel-macos-x86_64 1.0.0 NOTE
r-oldrel-windows-ix86+x86_64 1.0.0 14.00 7.00 21.00 ERROR

Check Details

Version: 1.0.0
Check: dependencies in R code
Result: NOTE
    Namespaces in Imports field not imported from:
     ‘knitr’ ‘tibble’
     All declared Imports should be used.
Flavors: r-devel-linux-x86_64-fedora-clang, r-devel-linux-x86_64-fedora-gcc, r-patched-solaris-x86, r-release-macos-x86_64, r-oldrel-macos-x86_64

Version: 1.0.0
Check: whether package can be installed
Result: ERROR
    Installation failed.
Flavor: r-oldrel-windows-ix86+x86_64