CRAN Package Check Results for Package obfuscatoR

Last updated on 2020-11-28 02:49:03 CET.

Flavor Version Tinstall Tcheck Ttotal Status Flags
r-devel-linux-x86_64-debian-clang 0.2.1 3.74 34.21 37.95 OK
r-devel-linux-x86_64-debian-gcc 0.2.1 2.85 27.61 30.46 OK
r-devel-linux-x86_64-fedora-clang 0.2.1 46.83 OK
r-devel-linux-x86_64-fedora-gcc 0.2.1 37.93 OK
r-devel-windows-ix86+x86_64 0.2.1 8.00 38.00 46.00 OK
r-patched-linux-x86_64 0.2.1 3.89 33.20 37.09 OK
r-patched-solaris-x86 0.2.1 50.60 OK
r-release-linux-x86_64 0.2.1 0.98 7.91 8.89 ERROR
r-release-macos-x86_64 0.2.1 OK
r-release-windows-ix86+x86_64 0.2.1 7.00 53.00 60.00 OK
r-oldrel-macos-x86_64 0.2.1 OK
r-oldrel-windows-ix86+x86_64 0.2.1 5.00 48.00 53.00 OK

Check Details

Version: 0.2.1
Check: package dependencies
Result: ERROR
    Package required but not available: ‘Rfast’
    
    See section ‘The DESCRIPTION file’ in the ‘Writing R Extensions’
    manual.
Flavor: r-release-linux-x86_64